 the remainder when m is divided by 11?
8
Let i(o) = 12*o + 1. Let g be (14 + 0)/((-1)/(-2)). Suppose -20*s = g - 128. What is the remainder when i(3) is divided by s?
2
Let v = 1392 - 1356. What is the remainder when v is divided by 15?
6
Calculate the remainder when 1763 is divided by 2/5 - (266/(-95))/(6/132).
27
Let t = 10590 + -10543. What is the remainder when 6196 is divided by t?
39
Let m = -558 - -565. Suppose -5*q - 2*h = h - 239, -q + m*h = -63. What is the remainder when q is divided by 41?
8
Suppose -8*h = 8 - 504. Let t(j) = 24*j**2 + 2*j - 2. Let i be t(1). Suppose 49*s - 48*s = i. Calculate the remainder when h is divided by s.
14
Let b(w) = w**2 + 39*w + 173. What is the remainder when b(-36) is divided by 42?
23
Suppose -y - 302 = -5*v - 1270, -2*y - 2*v = -1912. Calculate the remainder when y is divided by 14.
6
Suppose c - z = 45, -4*c + 3*z + 183 = 6. Suppose 3*l + 3*l = c. Let p(g) = g**3 - 8*g**2 + 9*g - 9. What is the remainder when 34 is divided by p(l)?
4
Let k(w) = -37*w + 8739. What is the remainder when k(43) is divided by 286?
284
Let n = -2764 - -2767. What is the remainder when 2600 is divided by n?
2
Let s(i) = -9 + 27 + 14 - 4*i**3 - 9*i**2 + 6*i + 5*i**3. Calculate the remainder when 54 is divided by s(8).
6
Let y(u) = 2*u**3 - 26*u**2 - 8*u + 8. Let v be y(13). Let s = -68 - v. Calculate the remainder when 167 is divided by s.
27
Suppose -6*v = -699 - 519. Let w = 218 - v. What is the remainder when 26 + (-1)/(1/(-1)) is divided by w?
12
Let i be 145/3 + 2/3. Suppose -5*u + i = -41. Suppose 210*t - 14*t + 3144 = 13140. What is the remainder when t is divided by u?
15
Let x be 484/77 - (-4)/(-14). Let z = -52 - -55. Suppose 7*b - z = x*b. What is the remainder when 8 is divided by b?
2
Let a = -88 + 91. Let i be (-2 - (2 - a))/(-1)*75. Let d = 87 - i. What is the remainder when 239 is divided by d?
11
Let y be (-8)/3 - -1 - 9/27. Let m be (y - -3)*-3*6/(-18). Calculate the remainder when m/(3 + (-69)/24) is divided by 5.
3
Let m(c) = c**2 + 176*c + 8054. Calculate the remainder when 792 is divided by m(-84).
140
Let k(j) = 2*j**3 - 82*j**2 + 17*j - 29. Calculate the remainder when k(41) is divided by 31.
17
Calculate the remainder when (-1047)/(-9) + (-5)/15 is divided by 114.
2
Let s = -111 - -395. Let k = s - 180. What is the remainder when k is divided by 7?
6
Suppose 15*o + 17 = 62. Suppose o*m - 5*v - 27 = 0, -v - 10 - 1 = -m. Calculate the remainder when 27 is divided by m.
13
Let k(g) = 14*g**3 - 5*g**2 + 7*g - 5. Suppose -93*o + 446 + 1104 = -310. Calculate the remainder when k(4) is divided by o.
19
Suppose 4*x = -l + 383, -2*l - 3*x + 88 = -693. Let q(i) = i**2 - 37*i - 544. What is the remainder when l is divided by q(49)?
43
Let q = -1622 + 1631. Calculate the remainder when 74 is divided by q.
2
Let c(q) = -q**2 + 16*q - 64. Let a be c(9). Let p(z) = 17*z - 5. What is the remainder when p(3) is divided by (-5*a/3)/((-40)/(-288))?
10
Let d(i) = -2*i**2 + 41*i + 30. Let n be d(21). Calculate the remainder when 314 is divided by 27/(-9)*(-105)/n.
34
Let d be -2*(1 + 0) + 6. Suppose -4*p + 64 = 4*q, -d*p + 5*q = p - 100. Suppose -13*i - 50 = -p*i. What is the remainder when i is divided by 6?
4
Calculate the remainder when 467 is divided by (-1608)/(-2010)*155/2.
33
Let p(r) = -r**3 + 66*r**2 + 61*r + 411. What is the remainder when 673 is divided by p(67)?
7
Let f = -6216 - -7160. What is the remainder when 5664 is divided by f?
0
Suppose 1397 = -5*u - 4*f, -f + 365 - 82 = -u. Let d = u + 305. What is the remainder when 111 is divided by d?
15
Suppose 14*i - 4631 + 263 = -7*i. Suppose -5*v - 4*o = 216 - 581, 0 = -2*v + o + 146. What is the remainder when i is divided by v?
62
Let m(z) = -3102*z**3 - z**2 - z. Let b be m(-1). What is the remainder when b/18 - 3/9 is divided by 35?
32
Let n be (-7 + 8)/(1/241). Suppose -30 = j - c + 15, -3*c = 5*j + n. Let r = -38 - j. Calculate the remainder when 9 is divided by r.
0
Suppose 2*y - 2 + 8 = 4*d, -y = 4*d - 15. Suppose -d*j = t - 16, -t + 3*j = -2*j - 32. Calculate the remainder when 503 is divided by t.
19
Suppose 180 = -3*g - 2*g - 5*t, -3*g - 118 = 5*t. Let h = -28 - g. Suppose 0*m - 189 = -h*m. Calculate the remainder when m is divided by 17.
12
Suppose 58 = -2*f + 4*f. Suppose a - 6*k = -k + f, 0 = 4*a - k - 135. Let c = -345 - -363. What is the remainder when a is divided by c?
16
Suppose 8*l + 4*c = 7*l + 66, -2*c = 4*l - 320. Suppose 5*z + 907 = 5*k + l, -321 = -2*k - z. Calculate the remainder when k is divided by 43.
33
Let p = 3181 - 46. Calculate the remainder when p is divided by 56.
55
Let z = -50808 + 50830. Let n = 100 - 40. What is the remainder when n is divided by z?
16
Suppose 120 = 13*d + 3. Calculate the remainder when 156 is divided by ((-3)/(-3))/(3896/432 - d).
48
Let m(l) = 6*l**2 - 5*l + 7. Let y be m(2). Let d = y + -2. Calculate the remainder when (-1 - (2 + -24))*(-32)/(-6) is divided by d.
17
Suppose -4*b - 5634 = 14*b. Let r = 328 + b. What is the remainder when 85 is divided by r?
10
Suppose -c - 8*w + 1335 = 0, -6*w + 7*w + 1317 = c. Calculate the remainder when c is divided by 11.
10
Let h be 1/((-3)/15*(-5)/4). Let c(w) = h + 541*w - 537*w + 2. Calculate the remainder when 85 is divided by c(3).
13
Let t be (-8)/(-84) + -5 + (-6124)/(-84). Suppose t*f - 5094 = 50*f. What is the remainder when f is divided by 13?
10
Suppose 3 = -t, -3*t = -5*v - 7*t + 213. Suppose -469 - 423 = -4*l. Calculate the remainder when l is divided by v.
43
Suppose 24*o - 585 = 21*o. What is the remainder when o is divided by (-4 + 0)/((-87)/870)?
35
Suppose 397 = 5*x - k, -3*x + 71 + 160 = 3*k. Calculate the remainder when 323 is divided by x.
7
Let l be (-1 + 35/21)*-6. What is the remainder when 74 is divided by (3 + l)*(-4)/8*44?
8
Let y(q) = q**3 + 37*q**2 + 319*q + 182. Calculate the remainder when 1237 is divided by y(-23).
233
Let g = 7 - -2. Let l = 3995 + -3990. What is the remainder when g is divided by l?
4
Suppose 338 = 3*y - 2*t - 230, 185 = y - 5*t. What is the remainder when y is divided by 42?
22
Suppose 0 = -68*h + 15*h + 5035. What is the remainder when 189 is divided by h?
94
What is the remainder when 112 is divided by ((-130)/15)/(-1 - 6/(-18))?
8
Let a be ((4 - -1) + 5)/2. Let y = 9 + a. Calculate the remainder when 54 is divided by y.
12
Let x(k) = 5*k**2 + 176*k + 2415. Calculate the remainder when x(-15) is divided by 445.
10
Let m(c) = c**2 + 23*c + 94. Let y be m(-17). Let h(i) = 11*i**2 + 36*i - 9. Calculate the remainder when h(y) is divided by 68.
67
Suppose 36 - 36 - 39 = -3*g. Calculate the remainder when 725 is divided by g.
10
Let x(o) = -3 + 15*o**2 - 13*o**2 - 9*o + 0. Let m be x(5). Suppose -12 = m*k - 110. Calculate the remainder when k is divided by 10.
9
Let m(s) = -58*s - 1787. Calculate the remainder when m(-73) is divided by 272.
271
Suppose -60 = -h - 3*i + 49, 2*h = 3*i + 155. What is the remainder when 5189 is divided by h?
85
Let w = -270 - -398. Let f(g) = -3*g**3 - 31*g**2 - 10*g + 47. What is the remainder when w is divided by f(-10)?
34
Suppose 8209 - 5330 = 85*q - 6301. What is the remainder when q is divided by 83?
25
Suppose -25604*q = -25627*q + 35374. Calculate the remainder when q is divided by 77.
75
Let f(a) be the third derivative of -a**6/120 + 11*a**5/60 - 2*a**4/3 - a**3/2 + a**2 + 1. Calculate the remainder when f(8) is divided by 4.
1
Calculate the remainder when (251/14)/((-1)/(-10)) + (-2)/7 is divided by 31.
24
Suppose -h - 35 = -4*l + 36, 20 = l + 2*h. Suppose 2*y - 6*y = 48. Calculate the remainder when (88/12)/((-1)/y) is divided by l.
16
What is the remainder when 2813 is divided by ((-184)/(-69) - 2)*7*3?
13
Let z(f) = -2*f**2 - 40*f + 397. What is the remainder when z(-23) is divided by 38?
31
Let q(z) = -169*z - 177. What is the remainder when q(-2) is divided by 25?
11
Suppose -3*z + 25 = 2*z. Suppose 2*p - z*p + 37 = q, -5*p - 29 = -q. Let o(w) = -25*w - 141. Calculate the remainder when o(-11) is divided by q.
32
Let i = -115 + 244. Suppose -825 = -14*m - 11*m. Calculate the remainder when i is divided by m.
30
Let v = -9429 - -9929. What is the remainder when v is divided by 28?
24
Let v(p) = 17 + 0*p + 71 + 0*p + 3*p. Suppose 2*l + 746 = 3*x + 223, -342 = -2*